g(x)?
6
Suppose 0 = -v - 7*p + 11*p + 5, -5*p - 25 = -5*v. Suppose 4*l - 2736 = 2*j, -2642 = -v*l - 3*j + 767. What is the tens digit of l?
8
Suppose 25*z = -18*z + 82904. Let x = -1230 + z. What is the units digit of x?
8
Suppose 2*v = 2*p - 116428, -3*p + 55485 + 119109 = 5*v. What is the ten thousands digit of p?
5
Let q be 6/((-264)/(-43772)) - 2/(-11). Suppose -3*m + q = 293. What is the hundreds digit of m?
2
Let o(a) = 5*a - 10. Let v be o(5). Let m(b) = -2*b**2 + 10*b + 25. Let r be m(v). Let g = 434 + r. What is the tens digit of g?
5
Suppose 4*j - 468 = 6*j. Let v be -1 - 5/(-7) - j/(-63). What is the units digit of v/(-3)*(1 + 5)?
8
Let b be -2539 + 1 - 4 - 1. Let z = -1255 - b. What is the units digit of z?
8
Let t(h) be the first derivative of h**3 + 19*h**2/2 + 35*h + 111. What is the units digit of t(-12)?
9
Let o(c) = 235*c**2 + 176*c + 1012. What is the tens digit of o(-6)?
1
Let c be 20/7 + 3/(84/4). Suppose c = -4*b + 43. What is the units digit of (5/b)/((-2)/(-436))?
9
Suppose -147*v - 123732 = -165*v. What is the tens digit of v?
7
Let i be (25/10 - 5)*-2. Let j(c) = 11 + 7*c - 13*c - 19*c - i*c. What is the tens digit of j(-2)?
7
Suppose 123019 = 2*b - 5*u, -5*b + 911*u - 908*u = -307481. What is the tens digit of b?
9
Let f(v) = 4789*v**2 + 17*v - 20. What is the tens digit of f(1)?
8
Suppose 5*i + 25 = 4*z + z, 5*z - 25 = 4*i. Suppose -4*y - h + 16 = 0, -h + 5*h - 31 = -z*y. What is the tens digit of 22/33 + 286/y?
9
Suppose -c = -3*k - 1067, -2*k - 2290 = -5*c + 3071. Let j = -472 + c. What is the tens digit of j?
0
Let h = 111 + -114. Let k(x) = -3*x - 4. Let i be k(h). Suppose -i*w = 15, 2*q - 317 = -3*w + 2*w. What is the units digit of q?
0
Let m(p) = -3272*p**3 - 2*p**2 + 103*p + 213. What is the tens digit of m(-2)?
7
Let t(v) = -289*v + 736. What is the tens digit of t(-68)?
8
Suppose -3*g + 27043 = -2*l, -64*l + 12 = -61*l. What is the thousands digit of g?
9
Let h(m) = -7*m**2 + 15*m - 25*m**3 - 21*m**3 + 7 + 47*m**3. Suppose 65 - 17 = 4*n + 4*t, -2*t - 11 = -3*n. What is the tens digit of h(n)?
1
What is the tens digit of 9/(((-288)/(-216))/(-1 + 494/6))?
4
Let a(m) = 4877*m**2 - 449*m + 6. What is the ten thousands digit of a(3)?
4
Suppose 4*c - 6 = 2*v, 7 + 8 = 2*c - 5*v. Suppose c = 5*t + 25, -3*k + 0*k - 4*t = -2017. What is the tens digit of k?
7
Let o(k) = 101*k**2 - 4*k + 3. Suppose z - 1 = 1. What is the tens digit of o(z)?
9
Let h = 284 + -812. Let i = 2227 + h. What is the units digit of i?
9
Let u be 3/((-9)/(-2)*8/10356). Suppose 4*t - u = -5*m + 4*m, -2*t = -4*m + 3434. What is the hundreds digit of m?
8
What is the ten thousands digit of 8 + -7 + (2 + -4 - -11096)?
1
Suppose 0 = 3*d - 12, 4*n - 3*d - 156993 = 81795. What is the tens digit of n?
0
Let j(x) = -x**3 + 12*x**2 - 7*x + 11. Let w be j(13). Let s = w - -735. What is the tens digit of s?
8
Suppose 129 = -12*r - 123. What is the units digit of -6 + 1068/(r/(-7))?
0
Let c be -246 + -3 + 4/4. Let n be (1/2)/(2 - (-497)/c). What is the tens digit of -7 - -6 - (n + 2)?
2
Let z = -105 - -546. Suppose 2*f - 249 = z. Suppose -8*j + 11*j = f. What is the hundreds digit of j?
1
Suppose -4*p + d = -6, -2*d + 4 = 4*p - 4*d. What is the units digit of 562*(-3 + p)/(-2)?
1
Let f(o) = -o**2 - 10*o - 18. Let h be f(-10). Let a = h + 37. Let r = a - 18. What is the units digit of r?
1
Let f(s) = -s**3 + 14*s**2 - 22*s - 10. Let r be f(12). What is the hundreds digit of (-1197)/r*24/(-9)?
2
Let l be (-4)/(-6) - (10/(-3) + 1). Suppose 6*b - 3*q = b + 434, b - l*q - 82 = 0. Let y = 159 - b. What is the units digit of y?
1
Let n = 6420 + -1794. What is the hundreds digit of n?
6
Suppose -3*h + 904 = -1754. Suppose 3*v - 382 = r, h - 226 = 5*v + 3*r. What is the tens digit of v?
2
Let c be (-6 - 220/(-12))/((-13)/(-117)). Let w be 28/(-6)*(3 + 0). Let h = w + c. What is the units digit of h?
7
What is the thousands digit of 1562/(-284)*5228/(-22)?
1
Suppose 388*v - 21666 = 365*v. What is the hundreds digit of v?
9
Suppose 17 = -2*y + 21. Let g(d) = y + d + 4*d + 3*d. What is the tens digit of g(1)?
1
Suppose 0 = 4*i - 3*i. Let x = -7413 - -7541. Suppose -2*w + 5*d + x = i, -w + d = -55 - 9. What is the units digit of w?
4
Let p(o) = -100*o + 465. Let d(s) = 51*s - 234. Let q(v) = 9*d(v) + 4*p(v). What is the units digit of q(13)?
1
Let t(k) = -149*k**3 + 1. Let h be t(-1). Let n = h - 155. Let j(w) = -2*w**3 - 4*w**2 - 15*w - 1. What is the hundreds digit of j(n)?
2
Let j(t) = -3*t - 22. Suppose 4*a = k + 2*k - 4, a + 3*k = 14. Suppose 0 = -a*y - 30 - 0. What is the units digit of j(y)?
3
What is the hundreds digit of -1 + (4 - -7) - -4471?
4
Suppose 4*b + 30 = 10, -3*b + 13 = 4*j. Let z(l) be the first derivative of 2*l**3/3 - 7*l + 2. What is the units digit of z(j)?
1
Let s be (11 - 216/16)/((-1)/2). Suppose 6*x + s*b = x + 630, 2*b + 129 = x. What is the units digit of x?
7
What is the hundreds digit of ((-750)/4)/((-2440)/(-160) - 16)?
2
Let w = 7393 - -36614. What is the ten thousands digit of w?
4
Let a = 9693 + -6825. What is the hundreds digit of a?
8
Let a(k) = 47*k - 25. Let w(p) = -31*p + 18. Let q(j) = -5*a(j) - 7*w(j). What is the hundreds digit of q(-18)?
3
Let z(i) = i**3 + 5*i**2 + i + 11. Let w be z(-5). Let p(b) = -b**3 + 6*b**2 + b - 8. Let h be p(w). What is the tens digit of (2*(-103)/h)/(0 + 1)?
0
Suppose -5*u + 2*i + 85 = -68, i = -u + 32. Let s = -28 + u. Suppose 3*k = -2*r + 38, -4*r - s*k + 64 = -0*k. What is the tens digit of r?
1
Suppose -w = -4*h + 3 - 0, -5*w = 5*h - 35. Suppose 2*b - 3087 = -w*b. What is the units digit of b?
1
Suppose 20599 = -17*f + 174007. What is the units digit of f?
4
What is the thousands digit of 118689*4/15*1035/828?
9
Suppose -506649 = -21*c - 2*c - 16*c. What is the tens digit of c?
9
Suppose -f = k - 501, 0 = 4*f + 3*k + 754 - 2762. Suppose -495*y + f*y - 4230 = 0. What is the tens digit of y?
2
Let p = 46899 + -18655. What is the ten thousands digit of p?
2
What is the units digit of (5 + -7)/(((-8)/(8 - 4))/3099)?
9
Suppose 7416 = 2*t + 16*t. Let x = 705 - t. What is the units digit of x?
3
Suppose 9 = 3*n, 16*n - 18*n = 4*t - 22698. What is the thousands digit of t?
5
What is the units digit of 2300/(-4485) + (-2)/13 - 213657/(-9)?
9
Suppose 101*l - 520 = 93*l. Suppose -824 + l = -3*w. What is the tens digit of w?
5
Let k(i) = 8*i**3 + i**2 - 9*i - 5. Let q = -16 + 9. Let d(l) = -7*l**3 + 9*l + 5. Let x(y) = q*d(y) - 6*k(y). What is the units digit of x(8)?
1
Let m = -8601 - -17090. What is the tens digit of m?
8
Let n = -60 - -68. Suppose 2288 = -0*i + n*i. What is the hundreds digit of i?
2
Let l(f) = -3*f + 45. Let z = -64 + 56. Let i(d) = 4*d + 16. Let k be i(z). What is the tens digit of l(k)?
9
Let j be 12/7*(2 + 5). Let a(s) = 28*s - 61. Let b be a(j). Suppose -2*u + 3*l + 256 = 0, l + b = 4*u - 217. What is the units digit of u?
2
Let u(r) = 351*r + 46. Let h(f) = 349*f + 44. Let n(m) = 5*h(m) - 4*u(m). What is the units digit of n(2)?
8
What is the hundreds digit of (-1)/((-12)/5517) + (-13)/(-52)?
4
Let b(g) = -g**3 - 2*g**2 - 12*g - 23. Let c be b(-2). What is the tens digit of 116*(474/72 + c/(-3))?
2
Suppose -7*d = -17*d + 3710. Suppose 637 + d = 7*b. What is the units digit of b?
4
Let b(s) = 10*s**2 + 37*s - 600. What is the hundreds digit of b(18)?
3
Suppose -3825 = -2*t - 3*t. Suppose -7*i = -t - 1916. What is the tens digit of i?
8
What is the tens digit of ((-196)/(-12) - 1)*1227/1?
1
Let m(f) = 4*f**2 + 62*f + 6. Let k be m(21). Suppose 3*a - 9*a = -k. What is the tens digit of a?
1
Suppose -5*y - 300 = -15*y. What is the units digit of 2 - 318/(-4) - y/20?
0
Let q(w) = 3229*w**2 - 43*w + 104. What is the hundreds digit of q(3)?
0
Suppose v + 1 = 5*r, v - 4*r + 8 = 2*v. Suppose 4*z = 5*q + 2*z - 36006, -v*z = -q + 7212. What is the tens digit of -1 + q/35 - 2/(-7)?
0
Suppose -100*m - 86139 = -117*m. What is the tens digit of m?
6
Let g(w) = w**3 + 122*w**2 + 337*w - 1900. What is the units digit of g(-119)?
0
Let t(x) = -3*x - 32. Let a be t(-13). What is the tens digit of 455/(-130)*(-1706)/a?
5
Let h = -184257 - -278321. What is the hundreds digit of h?
0
Let j(w) be the third derivative of 3*w**5/20 + w**4/8 - 8*w**3/3 + 23*w**2 + 11*w + 2. Let v = 5 + 0. What is the